*m. Determine f(4).
3
Let x(k) be the first derivative of k**4/4 + 3*k**3 + 3*k**2/2 + 18*k + 4198. What is x(-9)?
-9
Let q(g) be the third derivative of g**5/60 - g**4/12 - 4*g**3/3 + 2216*g**2. Give q(4).
0
Let r(u) = -159*u - 2. Let j(o) = 57*o + 1. Let q(s) = -3*j(s) - r(s). Determine q(1).
-13
Let n(q) = q**2 + 11*q - 75. Let u be n(5). Let p(i) = i + 6. Let s be p(4). Let x(d) = 0*d**2 + 6*d**2 - d**3 - 5*d - s + 16. Calculate x(u).
6
Suppose 3*k - 4 = 2. Let o(q) = 1 + 0 - 4*q - 5 - q**k + 2. Calculate o(-4).
-2
Suppose -1 = -y + 5. Let z(q) = -2*q - 8. Let p(l) be the second derivative of -l**3/2 - 4*l**2 - 13*l. Let x(m) = 4*p(m) - 5*z(m). Calculate x(y).
-4
Let m(s) be the third derivative of s**4/4 + 10*s**3/3 + s**2 - 2115*s. Calculate m(-5).
-10
Let j be (72/84)/((-125)/(-70) - 2). Let h(y) = -6*y - 15. What is h(j)?
9
Let y(w) = -120 - w - 128 - 138 - 2*w + 416. Determine y(15).
-15
Let g = -162 + 168. Let r(v) = -2*v + 4. What is r(g)?
-8
Let m(k) = -9*k + 57. Let a be -8 - (-6 - ((-8)/(-20))/((-6)/(-135))). Give m(a).
-6
Let q be ((-6)/9)/(2/9). Let p(o) = -o**2 - 7*o - 8. Let r be p(q). Let u(w) be the third derivative of -w**4/24 + 3*w**3/2 + 8*w**2. Calculate u(r).
5
Let n(u) = -u**3 - 6*u**2 + 7*u + 7. Let b(m) be the third derivative of -7*m**5/60 - m**4/4 - m**3 + 196*m**2. Let o be b(-1). Determine n(o).
7
Let n(p) = -p**2 - 3*p - 4. Let m = -184 - -238. Suppose -m = -553*b + 562*b. What is n(b)?
-22
Let j = -14619 - -14635. Let m(u) = u**3 - 15*u**2 - 15*u + 2. Determine m(j).
18
Let b be (-1484)/318 + (-63)/27. Let l(j) = 7*j**2 - 4 + 9 + 4*j**3 - 3*j**3 + j. Determine l(b).
-2
Let m = 35 + 181. Let r be (-72)/m + (-25)/(-3). Let w(i) = i**3 - 8*i**2 - 3*i - 3. Determine w(r).
-27
Let l(p) = 1487*p + 1491*p - 6021*p + 1502*p + 444 + 1500*p. Determine l(11).
-7
Let g(i) = i**2 + 14*i - 5. Suppose 155 = 14*o + 13*o + 371. Calculate g(o).
-53
Let m(f) = -8*f - 1. Let h(j) = 40*j + 1. Let o(k) = -h(k) - 6*m(k). Let l(t) = t + 1. Suppose 0*n - 1 = -n. Let w(g) = n*o(g) - 6*l(g). Calculate w(-3).
-7
Suppose 2*p + 3*z = 11, -11 = 5*p - 3*z - 28. Let i(t) = -t + 15. Let n be i(12). Let a(h) = -9*h**2 + 17*h**2 - h**n - 3*h**2 - 4*h. Calculate a(p).
0
Let b(v) = 8*v + 128. Let o(r) = 9*r + 98. Let n(a) = 3*b(a) - 4*o(a). Determine n(-2).
16
Let z(r) = -r + 5. Let q(j) = j - 5. Suppose 11 = 4*p - 9. Let d(s) = p*q(s) + 4*z(s). Calculate d(7).
2
Let s(c) be the first derivative of -c**3/6 - c**2 - 64*c - 35. Let q(g) be the first derivative of s(g). Determine q(-5).
3
Let f = -9072 - -9068. Let i(y) = y**3 + 6*y**2 + 9*y - 2. What is i(f)?
-6
Let k(x) be the second derivative of -x**5/20 + 7*x**4/12 - x**3 + 2*x**2 - 5*x. Let c = -51 + 48. Let b be (-4)/6*(-45)/10 - c. Give k(b).
4
Let j(r) = 7*r**2 - 5382*r**3 + 10 + 1789*r**3 + 1 - 6*r + 1800*r**3 + 1794*r**3. Let f = -3 + -5. Calculate j(f).
-5
Let o(j) = -162*j**2 + 40*j + 224. Let p(k) = 103*k**2 - 27*k - 150. Let g(v) = 7*o(v) + 11*p(v). Calculate g(-11).
-16
Let z be (-2)/(-25) + (-10209)/(-2075). Suppose -3*l + 6 = 3*q, 0 = 97*q - 94*q - z*l + 10. Let h(p) = -p**2 + p + 13. Calculate h(q).
13
Let p(m) be the first derivative of 15*m**2 - 30*m + 10210. Calculate p(4).
90
Let y(z) = -2*z**2 + 17*z - 20. Let w(n) = -2*n**3 - 6*n**2 - 2*n - 33. Let h be w(-4). Give y(h).
1
Let t(f) = 3*f**2 + 5*f + 5. Suppose l + 3 = 0, -4*l + 31 = -2*n + 41. Give t(n).
3
Let m(o) = o - 7 - 1 + 5. Let y be (-2)/(1*1/(-1)) - -22. Suppose h = w - 0*h - 3, -3*w = 2*h - y. Determine m(w).
3
Let j(z) = -z**3 - 8*z**2 - z. Suppose -4 = 7*r - 606. Suppose -3*g = 2*d - r, -4*d + 103 = 4*g + d. Suppose -g = 2*m + 2*m. Calculate j(m).
8
Let j = -3619 + 3592. Let h(n) = n**3 + 25*n**2 - 56*n - 60. Determine h(j).
-6
Let y(n) = 3*n**2 - 34 + 17 + 21*n + 13. Let z(u) = u**2 - u. Let i(l) = y(l) + 2*z(l). What is i(-4)?
0
Let b = -21 - -30. Let t(x) = -16431*x + 32740*x - 16310*x + 1. Calculate t(b).
-8
Let k(z) = -3*z**2 - 8*z + 9. Let w be k(-4). Let c(m) = -7 - 3*m**2 + 11*m**2 - 7*m**2 + 7*m. Calculate c(w).
-7
Let m(j) = -j**2 + 11*j - 1. Suppose 121 = -50*t + 571. Give m(t).
17
Let h(l) = -l**3 + 19*l**2 + 44*l - 55. Let v be h(21). Let i(y) = y**2 + 13*y - 21. Calculate i(v).
-21
Let k(o) = 9*o**2 - 19*o - 28. Let r(z) = -4*z**2 + 9*z + 14. Let v(h) = 3*k(h) + 7*r(h). Let b(t) be the first derivative of v(t). Let i = -31 + 36. Give b(i).
-4
Let f(h) = 6*h**2 + 5*h**2 - 13*h - 12623 + 12636 - 9*h**2. Calculate f(9).
58
Let h(v) = v**2 - 7*v - 5. Let g be h(6). Let y be g/(-5) + (-19)/95. Let r(p) = -y*p**2 - 1 - 3*p**2 - 4*p + 2*p**3 - p**3 - 3*p. Give r(6).
-7
Let j(i) = 81*i + 724. Let f = 27012 - 27021. Determine j(f).
-5
Let u = 25 - 18. Let h be u + 1*(4 + -6). Let o(x) = -2 - x + h + 5. Give o(0).
8
Let r(z) = -2*z - 12. Let x = 843 - 847. Determine r(x).
-4
Let b(j) be the second derivative of 7/6*j**3 - 1/20*j**5 - 6*j - 1/2*j**4 + 1 - 1/2*j**2. What is b(-7)?
-1
Let h(u) be the third derivative of 7*u**4/24 + 2*u**3/3 + 1363*u**2 - 8*u. Suppose -2*y - 10 = 3*i, 5 + 7 = -2*y - 4*i. Determine h(y).
-10
Let u(n) be the second derivative of -n**3/2 + 5*n**2/2 - 3962*n. Calculate u(-8).
29
Let k(u) = 2*u**3 + 50*u**2 + u + 29. Suppose 65*z + m = 67*z + 45, -2*m = -2*z - 40. Determine k(z).
4
Suppose 5*p = 5*z - 15, 0 = -p + z - 5*z + 17. Let o(i) = -47*i**2 + 215*i**2 - 49*i**2 - 58*i**2 - 53*i**2 - p. Determine o(-1).
7
Let c(z) be the first derivative of -z**4/4 + 7*z**3/3 - 17*z**2/2 + 61*z - 3980. What is c(6)?
-5
Let f(k) = -k**3 - 2*k**2 + 96*k - 184. Let w be f(2). Let t(o) = -o**3 - 6*o**2 + 17*o + 6. Give t(w).
-2
Let z(r) be the second derivative of -r**4/12 + 10*r**3/3 - 45*r**2 + 2165*r + 2. Determine z(11).
9
Let u(v) = 1 - 7 + 60*v**2 + v**3 - 4*v - 65*v**2. Let p be -24 + 25 - (-234)/2. Let k = -112 + p. Calculate u(k).
6
Let i be (-1)/(310/105 - 3). Let x = -19 + i. Let j(w) = -4*w - 4*w**2 + 0*w**2 + 3 - 1 + 6*w**x. Calculate j(3).
8
Let c(s) = -16*s + 49. Let n(w) = 53*w - 145. Let x(q) = 7*c(q) + 2*n(q). Calculate x(10).
-7
Let r(p) = -12*p**2 + 18*p + 15. Suppose -8*d - 311 = 65. Let w = 62 + d. Let n(o) = o**2 - o - 1. Let u(b) = w*n(b) + r(b). Give u(-2).
6
Suppose -3*g + 3*o = -1560, 0 = -o + 3*o. Let n(y) = -y - 263 + g - 259. Let c = -10 - -16. Calculate n(c).
-8
Let o(r) = 7*r**2 - 2*r + 1. Let h = -29 + 32. Suppose 2*d - h*y = 2*y - 120, 0 = -4*d + 3*y - 240. Let v = -58 - d. What is o(v)?
25
Let b(t) be the first derivative of -t**3/6 + 2*t**2 + 99*t - 228. Let f(a) be the first derivative of b(a). Determine f(0).
4
Let z(y) = -7*y**3 - 37*y**2 + 57*y + 79. Let m(b) = 58*b**3 + 300*b**2 - 456*b - 633. Let o(h) = 3*m(h) + 25*z(h). Determine o(-27).
-5
Let v = -10497 + 10505. Let d(p) = -p**3 + 9*p**2 - 13*p + 32. Give d(v).
-8
Let d(h) be the third derivative of 0 + 11/6*h**3 + 0*h + 8*h**2 + 1/8*h**4 - 1/120*h**5. Let r(t) be the first derivative of d(t). What is r(7)?
-4
Let y(z) be the second derivative of -z**5/20 + z**4/2 - z**3/6 - 3*z**2/2 - z. Let x be (-648)/(-126)*217/186. Determine y(x).
-9
Let h(u) = 2*u**2 + 12*u - 10. Suppose -36*i - 12*i = 336. Let k be h(i). Let c(n) = -n**3 + 6*n**2 - 5*n + 4. Calculate c(k).
16
Let c(f) = -3*f - 25. Let m(a) = -a - 12. Let d(v) = -2*c(v) + 5*m(v). Suppose -2*q = -b + 10, 93*b = 89*b + 2*q + 34. Give d(b).
-2
Let r be (-33 + 46 + -7)*((-2)/4)/(-1). Let q(o) = 5*o**2 - 5*o - 4. Give q(r).
26
Let q(i) = i**3 + 14*i**2 - 14*i + 19. Let k be q(-15). Suppose 0 = -p - 5*t, -3*p + t = -t - 17. Let l(r) = -p + r - 21*r**2 + r**3 - r + 17*r**2. Give l(k).
-5
Let g(o) be the first derivative of -o**2/2 + 49*o - 4767. Calculate g(49).
0
Let r(q) = 5*q**3 + 6*q**2 + 3*q - 6. Let b(g) = 7*g**3 + 21*g**2 - 36 + 15*g**3 + 11 + 4*g**2 + 13*g. Let z(s) = -2*b(s) + 9*r(s). Calculate z(-4).
-8
Let b(g) = g**3 + 15*g**2 + 14*g + 10. Let u = -7210 + 7196. Determine b(u).
10
Let j(t) = -3*t**2 + 2*t. Let b(w) = 4*w**2 - 3*w. Let u(v) = 2*b(v) + 3*j(v). Let i(h) = -66*h - 3961. Let n be i(-60). What is u(n)?
-1
Let v(k) be the third derivative of k**5/30 - 3*k**4/4 + 26*k**3/3 + 4008*k**2. Give v(9).
52
Suppose 10*v = 12*v - 3*m - 7, 3*v - 9 = 3*m. Let n(a) = -3*a**2 + 2*a**2 - 1 - 3 - a + v - 2. What is n(0)?
-4
Let m(f) be the second d